 - 121221 = 1814. Calculate the greatest common divisor of 11 and j.
11
Suppose 684 = 5*h + 3*p, -128*h = -133*h - 4*p + 682. Let s(l) = 61*l + 1. Let r be s(3). What is the greatest common factor of h and r?
46
Suppose 8*v - 77 = 51. Let c = v + -60. Let u be c/6*9/(-2). Calculate the highest common divisor of 22 and u.
11
Let m(s) = -4*s - 62. Let x be m(-22). Let i(l) = x*l**2 + 25*l**2 + 6*l + 9 - 52*l**2. Let w be i(0). Calculate the greatest common divisor of 6 and w.
3
Let o(r) = -2*r**2 - 29*r - 3. Let j be o(-13). Suppose 6*t = -18 + j. Suppose -x = -t - 2. Calculate the greatest common factor of 55 and x.
5
Suppose -3*f + 4*a + 388 - 233 = 0, -f + 55 = -2*a. Calculate the highest common divisor of 171 and f.
9
Let n be 0 + (-12)/(-8) + 1/(-2). Let h be (1405 - -4) + 0 + (n - 3). Suppose -9*j - 192 = -h. Calculate the greatest common factor of 15 and j.
15
Let z(d) = -97*d + 463. Let j be z(-43). What is the highest common factor of j and 7?
7
Suppose -49*k + 518 = -511. Suppose -j = -6*j + 2*s + 167, 4*j + s - 144 = 0. Calculate the greatest common divisor of j and k.
7
Suppose -102664*q = -102598*q - 2046. Suppose 0 = -5*g - w + 1710, 709 = 3*g + 4*w - 334. What is the greatest common divisor of q and g?
31
Suppose 15 - 12 = -3*d, 7640 = 4*p + 4*d. What is the greatest common divisor of 39 and p?
39
Let b(y) = y**3 + 16*y**2 + 5*y + 38. Suppose -8*d - 104 - 8 = 0. Let u be b(d). Suppose -p + 4*p = u. What is the highest common divisor of p and 12?
12
Let b = -3106 + 3187. Let z be 2/(-5) - 141/(-15). Suppose -z*l = -b - 63. Calculate the greatest common divisor of l and 4.
4
Let n be (-3)/(6/(-16)) + -1 + -2. Let u be (0 + 0)*(-1 + 2). Suppose -4*k + 136 = n*z, u*z = -z - 3*k + 36. What is the greatest common divisor of z and 6?
6
Let b(x) = x**3 - 9*x**2 - 7*x + 49. Let p be b(10). Suppose 121 = 8*g - p. Calculate the greatest common factor of g and 5.
5
Let d be 10/(2 - (-1365)/(-681)). Suppose 16 = -4*m - 3*x, -3*m + 2*x - 15 = -3. Let i be 3/m + d/(-40). What is the highest common factor of i and 8?
8
Suppose 6*q = -324 + 528. Suppose 146 = 10*d - q. What is the greatest common factor of d and 8?
2
Suppose -68*j - 208 = -55*j. Let c(a) = a + 44. Let d be c(j). Calculate the greatest common factor of d and 364.
28
Let g = -1379 - -1386. Suppose -3*o + 3*d + 606 = -744, 1338 = 3*o + 3*d. Calculate the greatest common factor of o and g.
7
Suppose 4*w + 3*q = 244, 17 = -2*w - 3*q + 127. Calculate the greatest common divisor of 6499 and w.
67
Let z = -208 - -211. Suppose z*o - 60 = 156. What is the greatest common factor of o and 27?
9
Let r = 6879 - 222. What is the greatest common factor of r and 84?
21
Suppose 3*q - 130 = 335. Suppose 2*x - 4*p = -2*x - 16, 0 = 2*x + 2*p - 8. Suppose -3*w + 53 + 133 = x. Calculate the greatest common divisor of w and q.
31
Let t be -126*(1/(-6))/(24/1968). Calculate the greatest common divisor of t and 7.
7
Let x(d) = -2*d**3 - 59*d**2 - 32*d - 32. Let u be x(-29). Suppose 2*y - 2*m = 12, 0 = -0*m - 3*m + 12. What is the highest common divisor of y and u?
5
Suppose -42*d = 67*d - 22127. Let l be (-2)/((-60)/(-31) + -2). Suppose n = l + d. Calculate the highest common factor of n and 26.
26
Suppose 0 = -62*j + 61*j + 4*g + 245, -665 = -3*j - 2*g. Let p = 655 - j. Calculate the greatest common factor of p and 10.
10
Let a be 28 - 3/(1 - 2). Let y = a + -14. Let x = 252 - 167. Calculate the highest common factor of y and x.
17
Let j = -29 - -26. Let o(a) = 3*a**2 + 3*a + 1. Let t be o(j). What is the highest common divisor of t and 133?
19
Let k(v) = -v**3 + 60*v**2 - 147*v - 1322. Let j be k(57). Let b = 34 + -24. Calculate the greatest common factor of j and b.
2
Suppose -39*v = -48465 - 55275. What is the highest common divisor of 420 and v?
140
Suppose 3*w + 4*b - 99 = 0, 3*w - 3*b - 96 = -8*b. Suppose 0 = 4*t + 5*i - 163, 25 = 2*t - 2*i - 43. What is the highest common factor of w and t?
37
Suppose 4*l + 35 = 5*l - 5*m, 3*m + 123 = 4*l. Let k(t) = 38*t - 3*t - 42 + 62. Let s be k(2). What is the highest common factor of s and l?
30
Let h(s) = 20*s + 433. Let t be h(-21). Calculate the greatest common factor of t and 429.
13
Suppose -2*m - 168 = -4*j, -3*m + 33 = 2*j - 51. Calculate the greatest common divisor of j and 525.
21
Suppose -83*r + 43*r = -33227 - 3853. Calculate the greatest common divisor of r and 721.
103
Let h be 8*-1 + 19 + -3. Calculate the highest common factor of 152 and h.
8
Suppose 0 = 3*a - 3*r + 12, 14*r - 15*r = -3*a - 8. Let m be 10 - (18 + -20)*(a + 1). Calculate the greatest common factor of 344 and m.
8
Suppose -2107 = -2*w - 10*w - 31*w. What is the highest common divisor of w and 21?
7
Let z = 48 + -47. Let c be (8 - 11)*(2 - z). Let j be 441/(-7)*1/c. What is the greatest common factor of 14 and j?
7
Let i be ((-15)/30)/(2/1316). Let c = -266 - i. Calculate the greatest common factor of 126 and c.
63
Let o = -8129 - -8249. Let q = 369 + -189. What is the highest common factor of q and o?
60
Suppose -3*i + 2*i - 4*l + 98 = 0, -5*l - 10 = 0. Suppose -5*o + i = 3*g + 1, -5*g - o + 197 = 0. What is the greatest common divisor of g and 110?
10
Let t be 308/231 - 31260/(-18). Calculate the greatest common divisor of t and 711.
79
Let v = -272228 + 272662. Let s = 64 + -36. What is the highest common divisor of v and s?
14
Let a(x) = -11*x + 4. Let j be a(-6). Let c = 7488 + -7446. What is the greatest common factor of j and c?
14
Suppose -9*t = -3*t - 36. Let i = t + -40. Let l = i - -159. What is the greatest common factor of 50 and l?
25
Let j be (-28)/10 - -3 - (-44)/5. Let k(o) = -7*o**2 + 16*o**2 - 2*o + o**2 - j*o**2. Let g be k(-7). What is the greatest common divisor of g and 9?
9
Let r be (-1 - -36 - 4)/(31/3317). What is the greatest common divisor of r and 31?
31
Let f = -2923 - -4487. Calculate the highest common divisor of f and 161.
23
Let a(v) = 3*v**2 + 3*v - 6. Let y be a(-5). Let n be 1 + 25 + (-11 - 13). Calculate the highest common factor of n and y.
2
Suppose 0 = -6*l - 3689 + 11969. What is the highest common factor of l and 80?
20
Let t = -51 - -50. Let c be 7 + t - 0/(-3). Let m be 2/c - 1614/(-18). What is the greatest common factor of m and 10?
10
Suppose 2*n - 52 = -2*n. Let d(v) = v**3 - 10*v**2 + 10*v + 8. Let f be d(9). Suppose w - 82 + f = 0. Calculate the highest common divisor of w and n.
13
Let i = 184 + -180. Suppose -1 = i*q - 4*t - 21, -5*t - 21 = -3*q. What is the highest common divisor of q and 26?
2
Let f(x) be the first derivative of -2*x**2 - 17 - 2*x + 5/3*x**3. Let z be f(2). What is the greatest common factor of z and 4?
2
Suppose 5*q + 8 = 3*q. Let c be q/16*10*8/(-5). Suppose c*p - 83 = 17. What is the greatest common divisor of 25 and p?
25
Let a be (6/9)/(-2 + 23368/3336 + -5). What is the highest common divisor of 2 and a?
1
Let u = -4 - -16. Suppose 3*g = -2*t - 2*g - u, -5*g = -2*t - 12. Let k be (-6)/t + 20 + 0 + 2. Calculate the greatest common factor of 207 and k.
23
Suppose d = 5*q - 1407 + 3757, -15 = -5*q. What is the highest common divisor of 43 and d?
43
Let m(b) = 3*b**2 + b + 1. Let d be m(3). Suppose -98*l + 9*l + 19313 = 0. Calculate the greatest common divisor of l and d.
31
Let s = -445 + 940. Let o be 267/6 - (-28)/16*(-24)/(-84). What is the highest common factor of s and o?
45
Suppose 0 = 5*t - 4*i - 1266, -4*t + 5*i + 81 = -930. Suppose -2*x - t = -4*m + 306, 0 = m + 3*x - 154. Calculate the greatest common factor of 355 and m.
71
Suppose -291*v + 81160 + 10505 = 0. Let l = 440 - 314. What is the highest common divisor of l and v?
63
Suppose -4*o = -16, 0 = -d - 3*o + 35 + 2. Let r = -15 + d. Let q be 34 - ((-10)/4 - r/(-20)). Calculate the highest common divisor of 48 and q.
12
Suppose -78*q + 80*q = -z + 110, 505 = 4*z - 5*q. Let a = 11 - -4. What is the greatest common factor of z and a?
15
Let x be ((-4)/(-6))/(44/54054). What is the highest common factor of 936 and x?
117
Let u = 219 - 914. Let p = 747 + u. Let d be 1/(0 + (-1)/(-13)). What is the greatest common divisor of d and p?
13
Suppose 15794 = 17*z - 10590. Calculate the highest common factor of 256 and z.
16
Let g = 7223 + -7201. What is the highest common divisor of g and 6?
2
Let x = -2501 - -2661. What is the highest common factor 